e hundreds digit of s?
6
Let j(p) = 991*p**2 + 4*p. Let q be j(1). Suppose 5*d - 1615 = q. What is the hundreds digit of d?
5
Let b(m) = m**2 - 16*m + 24. Let o be b(14). Let c(j) = -j**3 - 15 - 4*j**2 + j**2 - 8*j - j**2. What is the tens digit of c(o)?
1
Let m = 121 - 119. Suppose 3*s = -m*u + 768, -s + 256 = 3*u + 2*u. What is the hundreds digit of s?
2
Suppose -f + 18 = u, 8 + 49 = 2*f - 5*u. Let i(o) = o**3 - 23*o**2 + 48*o + 23. What is the tens digit of i(f)?
4
Let z be 148 + -147 + (-22)/(-2). Suppose 5*h + 17 = 4*a, -3*h + 3*a - 2*a - 6 = 0. What is the units digit of z - 14 - (-40 + h)?
9
Suppose -2*r + 8584 = 4*x - 7052, 0 = -x + 4*r + 3891. What is the hundreds digit of x?
9
Suppose 5*s = 6*s + 2, -5*l - s = -18. Suppose -4*x + 880 = -3*w + w, -l*w - 16 = 0. What is the hundreds digit of x?
2
Let g = 52 - 47. Suppose -g*s + 25 = 3*q + 2*q, 2*s = -5*q + 13. Suppose 20 = 4*z, 8*z - 4*z = s*h - 1008. What is the hundreds digit of h?
2
Suppose p - 10 + 1 = 0. Suppose -p = -6*o + 9. Suppose 135 = 2*h - 2*j + 3*j, -o*h = j - 200. What is the units digit of h?
5
Let m(k) = 7*k**2 - 23*k - 20. Let w be m(11). Let j = -325 + w. Suppose 11*s = 14*s - j. What is the units digit of s?
3
Suppose 3*w + 5*m + 1 + 27 = 0, 10 = -2*m. Let y be 3/9 + w - (-155)/3. Suppose 2*t + 9 - y = 0. What is the tens digit of t?
2
Suppose -15*k = -16*k + 674. Suppose -37 + k = 7*p. What is the units digit of p?
1
Let v(y) = 6*y**3 - 2*y**2 - 10*y + 42. Let f be v(6). Suppose -3*r + f + 447 = 0. What is the units digit of r?
1
Let u(q) = 2*q**2 - q + 2. Let z(v) = v - 6. Let s be z(8). Let j be u(s). Suppose -j*p = -91 - 597. What is the tens digit of p?
8
Let i = -45011 - -101567. What is the tens digit of i?
5
Suppose -351533 - 463453 = -38*b. What is the tens digit of b?
4
What is the units digit of (630861/55)/(60/200)?
4
What is the ten thousands digit of (269775/375)/(1 - (-29)/(-30))?
2
What is the hundreds digit of (-25)/(-15) - 1 - -89*536/12?
9
Suppose -339 = 6*i - 27. Let x = i - -58. What is the units digit of (-498)/x*(-1 - 2)?
9
Let b = -25799 - -28888. What is the units digit of b?
9
Let t = 104 + -101. Suppose -3240 = -5*d + 5*m, -t*m + 270 = d - 378. What is the units digit of d?
8
Let n(a) = a**2 - 8*a + 21. Let i be n(6). Let v(j) = 4*j**3 - 2 + 22*j - 12*j**3 + 8*j**2 + 7*j**3. What is the units digit of v(i)?
5
Let x = -2369 + 3719. Let d = x - 950. Suppose -201 = -o + 4*b - b, 2*o - d = 4*b. What is the hundreds digit of o?
1
Suppose 0 = 3*r - 2*c - 1063 - 1249, -3*r - c = -2318. What is the tens digit of r?
7
Suppose 1900*h - 1835*h - 3655015 = 0. What is the thousands digit of h?
6
Let v(h) = 10*h**3 - 3*h**2 + h + 17. What is the thousands digit of v(8)?
4
Suppose -14457 = -8*v - 4617. Suppose -5*k + v = 5*z, 3*k = 5*k + 4*z - 484. What is the hundreds digit of k?
2
What is the tens digit of ((9 + -15 + 7)/(-1))/((-1)/3313)?
1
Let t(k) = k**2 - 24*k + 1514. What is the units digit of t(130)?
4
Suppose -9*g = -3*g - 2130. Let u = 52 + g. What is the tens digit of u?
0
Let w = -447 + 475. Let x = w + 113. What is the units digit of x?
1
Suppose -8*s + 39*s = -4*s + 271425. What is the thousands digit of s?
7
Let t(q) = -116*q**3 - 24*q**2 - 99*q - 3. What is the units digit of t(-4)?
3
Suppose f = -3*n + 2740 + 4489, 3*n = -5*f + 36205. What is the hundreds digit of f?
2
Let j(l) = -l**3 - 6*l**2 + 4*l + 12. Let x be j(-7). Suppose 4*n - 64 = -4*h, 2*n + 0 = -h + x. Let p = 52 - n. What is the units digit of p?
5
Let a(v) = 184*v - 1. Suppose 0 = -19*t + 2*t + 34. What is the units digit of a(t)?
7
Let u(v) = 3*v**2 + 5*v + 10. Suppose -5*x + 20 = 0, -x + 0*x = 2*p + 8. What is the tens digit of u(p)?
8
Suppose 0 = 22*c - c - 410886. Suppose 7*g = -11*g + c. What is the thousands digit of g?
1
Suppose -4*r + w - 52 = r, -4*w = -8. Let k = r - 83. What is the tens digit of -2 + (-3 - k/1)?
8
Suppose -3*t - 5060 + 57247 = -5*s, -10*t + 174035 = -s. What is the ten thousands digit of t?
1
Suppose 4 = -v - 8. Let f be 2/((-3)/v*4). Suppose -3*n + 200 = f*n. What is the tens digit of n?
4
Let g be 2 + 1 - (-3)/3*-1. Suppose -v + 22 = -5*x, g*x + 0*x = -8. What is the units digit of (-5 + v - 0)*-77 - 2?
9
Let k(l) = -181*l + 29. Let u be k(-3). Suppose 0 = -5*w - t + u, -3*w + 4*t = 2*t - 338. What is the hundreds digit of w?
1
Suppose -572 = -21*l - 12752. What is the hundreds digit of (l/(-6))/((-10)/(-45))?
4
What is the units digit of (9/((-81)/(-30)))/(16/46728)?
5
Suppose u - 4*u - 36 = -3*o, 2*u - 5*o + 36 = 0. Let l be u/(48/50)*1*9. Let r = -34 - l. What is the units digit of r?
1
Let n(u) = -93*u - 79. Let i(s) = -24*s - 19. Let c(g) = 9*i(g) - 2*n(g). Let h(m) = -m**3 + 2*m**2 - m - 1. Let t be h(2). What is the units digit of c(t)?
7
Let g = -14814 - -19409. What is the hundreds digit of g?
5
Let o = -19859 - -31552. What is the hundreds digit of o?
6
Let s = 13921 - 8172. What is the hundreds digit of s?
7
What is the units digit of 2319001/533 + 4/26?
1
Let s(b) = -2*b**3 + 12*b**2 + b - 4. Let z be s(6). Suppose 0 = f + z*f. Suppose 3*k + j - 608 = f, 10*k - 3*j - 420 = 8*k. What is the tens digit of k?
0
Suppose 4*j = -4*u + j - 396, -4*u = -4*j + 368. What is the units digit of (-16)/u*12/2?
1
Let b be 4 + (-4 - -5 - -2). Suppose 509 = b*s - 2935. What is the units digit of s?
2
Let m = 2064 + 25383. What is the hundreds digit of m?
4
Suppose 18*q - 20*q = -8. Suppose q*u - 2002 = -506. What is the tens digit of u?
7
Suppose 2*t = -5*i + 80116, 1093*i - 200220 = -5*t + 1098*i. What is the tens digit of t?
4
Suppose -3*u - w = -26346, -23966 - 19940 = -5*u - w. What is the units digit of u?
0
Suppose 0 = 203*c - 259*c + 4312. Suppose 5*r = -2*d + 309, -4 = -d - d. Let y = c - r. What is the units digit of y?
6
Suppose -4*w - 10 - 21 = -3*o, 5 = -3*o - 5*w. Suppose -15*j + 40 = -7*j + 2*j. Suppose -f + 4*f = -o*g + 582, -j*g = 3*f - 582. What is the tens digit of f?
9
Suppose -v = -2*g - 1107, -5*v + 6478 - 889 = -g. What is the thousands digit of v?
1
Suppose 5*l = -w + 65234, 615 = l + 614. What is the tens digit of w?
2
Let u(y) = 3*y + 1. Let h be u(1). Let x be 1 + (-194 - 6)/(-4). Suppose h*w - 53 = x. What is the units digit of w?
6
Let q(y) = -4211*y - 7573. What is the tens digit of q(-20)?
4
Let m = 5032 - -6934. What is the thousands digit of m?
1
Let t = 2149 - 849. Suppose -g = 11*d - 6*d - t, -g + d + 1312 = 0. What is the hundreds digit of g?
3
Suppose -5*i + 56 = -1309. Let d = i - 42. Suppose -5*f + d = -334. What is the tens digit of f?
1
Let x(v) = -21*v**2 + 20*v + 1. Let u(n) = -n + 1. Let l(r) = -4*u(r) - x(r). Let j(d) be the first derivative of l(d). What is the tens digit of j(3)?
1
Suppose 0 = -157*q + 152*q + 1860. Suppose -3*n = 4*a - 1412, 0 = 5*n + 3*a - q - 1985. What is the hundreds digit of n?
4
Let t = -9767 + 16880. What is the units digit of t?
3
Suppose 3*w = s + 600, -3*w - 2*s = -490 - 119. Suppose z - 2*z + w = 4*f, 5*z - 3*f - 1005 = 0. What is the hundreds digit of z?
2
Let x(s) = -8*s**3 + 11*s**2 - 8*s - 69. Let y(d) = d**3 + d**2 + d - 1. Let w(m) = x(m) - 5*y(m). What is the tens digit of w(-4)?
1
Let u(k) = -k**3 - 13*k**2 - 12*k + 2. Suppose 10*o - 48 = 14*o. Let p be u(o). Suppose 0 = 58*s - 57*s - p. What is the units digit of s?
2
Let i(t) = 36*t - 171. Let f be i(22). Let d = f + -283. What is the tens digit of d?
3
Suppose -2*u + 3*g = -24, 2*u - 5*g + 17 = 5*u. Suppose -u*y + 135 = -3816. What is the units digit of y?
9
Let i(l) = l**3 + 8*l**2 + 9*l + 6. Let t be i(-6). Let k be t/(-21) - 2/(-14). What is the hundreds digit of 6069/21*(-1)/k?
2
What is the tens digit of 8 + -1 + ((-2961)/(-564))/(6/23032)?
6
Let p(q) = -2*q**2 - 35*q + 11. Let g be p(-10). Let u = 509 - g. What is the tens digit of u?
4
Let d(x) = 2 + 4508*x - 4539*x - 8. Let p be (-6)/(-4)*48/(-36). What is the tens digit of d(p)?
5
What is the thousands digit of (-29 - (-17 + 4)) + 8375?
8
Let r be 3/2*76/57. Suppose -r*d + 128 + 7 = g, -g = -4*d + 285. Let h = 80 - d. What is the units digit of h?
0
Let w be (-2)/7 - ((-6972)/49)/(-6). Let v(a) = 5*a**2 - 5*a - 6. Let g be v(5). Let p = g + w. What is the units digit of p?
0
Suppose 7*f = -0*f - 1953. Let x = f + 1002. What is the units digit of x?
3
S